u - 2. Let q(l) = -2*l + 1. Let v(o) = y*q(o) + 7*n(o). Determine v(0).
-10
Let b(r) be the first derivative of -r**6/120 - 3*r**5/20 - r**4/3 - r**3 - 15*r**2/2 - 3*r - 73. Let c(m) be the second derivative of b(m). Calculate c(-8).
-6
Let r(x) be the first derivative of x**4/4 - 2*x**3 + 2*x**2 + x - 785. Let z = 9 + -8. Let p be (z + 3)*30/24. Determine r(p).
-4
Let x(i) = 6128*i - 3071*i - 32 - 22 - 3069*i - i**2. Determine x(-8).
-22
Let h(t) = -3*t - 4. Let w be 126/27 + 3/9*1. Suppose -5*g = 4*j, 11 = -4*j + w*g + 51. Determine h(j).
-19
Let q(z) = 45*z**2 - 52*z - 2. Let f be q(1). Let t(p) = p**3 + 9*p**2 - 5*p - 12. Calculate t(f).
33
Let w(b) = -8*b - 2. Let o(f) be the third derivative of -f**5/60 - 41*f**4/24 - 2*f**3 - 10*f**2 + 2*f. Let d(i) = 2*o(i) - 11*w(i). Calculate d(4).
-10
Let d(a) = a. Suppose 2*r = -6, -2*r - 2*r - 22 = 2*n. Let i(p) = 4*p - 14. Let x(g) = n*d(g) + i(g). What is x(-10)?
-4
Let o(a) be the first derivative of a**3/3 + 3*a**2/2 - 2*a + 3. Let l = 147 + -130. Suppose l*m = 20*m - 6. Give o(m).
8
Let c(v) = 50*v**3 - 8*v**2 + 51*v - 15*v + 30 - 51*v**3 - 25*v. What is c(-9)?
12
Let q(y) be the third derivative of y**6/120 - 7*y**5/60 - 5*y**4/24 - y**3 + y**2 + 64*y. Calculate q(7).
-41
Let j = -4 + 6. Let n(a) be the first derivative of 3*a**2/2 - 2*a - 23401. Give n(j).
4
Let r(d) = -d**3 + 6*d**2 + 10. Let h be r(6). Suppose h*l = 14*l - 48. Suppose 5*q + a - 1 = q, -2*q + 2*a - l = 0. Let n(p) = -2*p - 1. Calculate n(q).
1
Let c(o) = -172*o - 35390 + 182*o + 6*o**2 + 35399 - o**3. Suppose 4*u + 0*u = 32. Give c(u).
-39
Let q(m) be the first derivative of 2*m**3/3 + 7*m**2/2 - 93*m + 13107. What is q(-9)?
6
Suppose -3*u + 17 = n - 12, 5*u - 45 = -n. Let w(k) = 4*k - 24. Let m(s) = -2*s + 12. Let h(q) = -9*m(q) - 4*w(q). Determine h(u).
4
Let n(b) = -b**3 - 4*b**2 + 8*b + 6. Let z(x) = x**2 + 18*x - 14. Let c be z(-19). Suppose -c*q + 12*q + 42 = 0. Let r be (q/15)/((-1)/5) + -7. Determine n(r).
-9
Suppose 6*z = -3*x - 17 - 28, 5*z = -2*x - 38. Let s(w) = 2 + 0 - 3 + 22*w. What is s(x)?
21
Suppose 24*g + c = 27*g - 12, 5*g + c = 20. Let y(l) = l**2 - 5*l + 3. Calculate y(g).
-1
Let h = -507 - -512. Suppose 2*l + 7 = 3*u, -l + 29 = -0*u + h*u. Let r(v) = -v**3 + 4*v**2 - 4*v. Determine r(l).
-16
Let m(p) = p**2 + 5*p. Let k be (35 + 19)*(-20)/(-6). Suppose 0 = 23*i + k - 19. What is m(i)?
14
Let g(c) = -7*c + 8. Let s = 3 - -7. Let j = s + -5. Let z(i) = -i. Let u(m) = j*z(m) - g(m). Give u(6).
4
Let l(u) = u**3 - 4*u**2 + 2*u - 5. Suppose 5*f = 29 - 4. Suppose -f = -i, 3*i + 0*i - 11 = p. Suppose 24 = 2*m + p*m. Give l(m).
3
Let j(w) be the third derivative of w**5/20 + 17*w**4/24 + 19*w**3/6 + 2621*w**2 + 2*w. Calculate j(-6).
25
Let s(t) = -t**2 - 12*t - 44. Let a be s(-8). Let w(h) = 2*h + 26. Determine w(a).
2
Let q(n) = 5*n**2 - 5*n + 2. Let a(u) = 8*u**2 - 12*u + 5. Let l(g) = 3*a(g) - 5*q(g). Determine l(-12).
-7
Let y(c) = -c**3 - c**2 + 11. Let l(t) = t + 1. Let z be l(10). Let o = z + -5. Let g(b) = 2*b - 12. Let v be g(o). What is y(v)?
11
Let p(x) = -28*x**2 - 4*x + 4. Let y(k) = 67*k**2 + 8*k - 11. Let s(u) = -5*p(u) - 2*y(u). Give s(-1).
4
Let g(o) be the second derivative of o**5/20 + o**4/3 - o**3 - o**2 + 501*o. Suppose 4*t - 5*z = -2*z + 51, 4*z + 16 = t. Let x = t - 17. Give g(x).
3
Let t(r) = -8 - 6*r - 4*r - 15*r + 24*r - r. Give t(8).
-24
Let y(d) = 2*d**2 + 4*d. Suppose -3 = -j, -p - 11 = -2*j - 2*j. Let h be 3 - (0 - p)/1. Let o = -7 + h. Calculate y(o).
6
Let p(n) = n**2 + 4*n - 4. Let s = -13 + 27. Let l be 6*((-8)/s)/(15/(-35)). Suppose -4*w - 8 = l. Give p(w).
-4
Let c(u) be the first derivative of -u**3/3 + 3*u**2/2 - 6*u - 890. Let m(y) = y**2 + 2*y + 4. Let b be m(-4). Let g be 6*(2 - b/9). Determine c(g).
-10
Let q(d) be the third derivative of 0 - 78*d**2 + 5/3*d**3 - 17/24*d**4 + 1/60*d**5 + 0*d. Determine q(16).
-6
Let c(f) be the second derivative of -f**4/4 + f**3/6 + f**2 - 651*f. Suppose -2*g = q - 5*g + 2, 4*g = -3*q - 6. Give c(q).
-12
Let v(g) be the third derivative of -1/24*g**4 + 0 - 8*g**2 + 4/3*g**3 + 0*g. Suppose -4*d - w - 4 = 0, -4*w - 6 - 10 = -4*d. Give v(d).
8
Let n = 12 + -3. Let b be n + (-1)/(-4 - -5). Let k(q) = -19*q + 7 + 41*q - 23*q + 2. Determine k(b).
1
Let r(p) = 4*p - 4. Suppose 4*x - 7*x + 9 = 0. Suppose 5*q + x*d = 159, q + 9 = -3*d + 48. Suppose q = j + 5*j. Determine r(j).
16
Suppose -4*z - 312 = 5*v - 374, -4*v + 64 = 5*z. Let d(q) = -4*q**2 + 23*q + 3. Determine d(v).
-3
Let r(q) = 171 - 60 - 73 - 75 + 6*q + 51. Suppose -2*j - 5*u = -1 - 11, -3*u = -4*j - 28. Calculate r(j).
-10
Let h be (84/(-126))/((-1)/(-3)) - 3. Let n(v) = 4*v**2 + 2*v - 10. Give n(h).
80
Let p(z) = 3*z + 50. Suppose -104 = -5*u - 194. Calculate p(u).
-4
Suppose 10*j = -81*j - 819. Let y(p) = -p + 6. Calculate y(j).
15
Let p(a) be the third derivative of a**6/60 - 19*a**5/60 + 7*a**4/24 + 17*a**3/6 - 734*a**2. Calculate p(9).
-1
Let k be 7 + 0/(-1) + -6. Let r(n) = 2*n**3 + 4*n**2 - n + 4. Let v(b) = -b**3 + b**2 + 1. Let h(x) = k*r(x) - 4*v(x). What is h(-1)?
-5
Let t be (-6)/24 - (-2)/8. Let o be -5 + (1 - 4) + t. Let n(y) = -y - 2. Give n(o).
6
Let j(u) = u**2 - 20*u - 10. Let v(y) = -2*y**2 + 21*y + 9. Let c(l) = -3*j(l) - 2*v(l). Suppose -32*s - 48 = -28*s + 5*x, 3 = s + 5*x. Give c(s).
-5
Suppose 8*i - 8 = 9*i, -g = -4*i - 38. Let r(m) = -m**3 + 5*m**2 - 14*m + 122. Determine r(g).
2
Let y(b) = -2*b**2 - b - 15. Let d(c) = 3*c**2 + c + 21. Let k(z) = -5*d(z) - 7*y(z). Let s = -6 + 12. What is k(s)?
-24
Let w = -11 + 8. Let l(d) be the second derivative of -2*d**2 - 1/6*d**3 + 0 + 4*d. Determine l(w).
-1
Let m(z) = -z**2 + z - 9. Let k(l) = -l**2 + 2*l - 8. Let y(f) = -5*k(f) + 4*m(f). Suppose 0 = 6*w - 7*w - w. Suppose -5 = -h - w. Calculate y(h).
-1
Let k(u) be the second derivative of 8*u**3/3 + 17*u**2/2 - 35*u. Let r(s) = -3*s - 1. Let o(j) = -k(j) - 6*r(j). Calculate o(10).
9
Let v = -4224 + 4225. Let p(b) = 16*b**3 + b**2 - b - 1. Calculate p(v).
15
Let u(g) = -6*g**3 + 24*g**2 + 8*g - 26. Let p(j) = -j**3 + 2*j**2 - 1. Let v(r) = 7*p(r) - u(r). Determine v(-9).
10
Let u(d) = 3*d + 12. Let s(x) = -x + 1. Let z(h) = -2*s(h) - u(h). Suppose -169*b - 46 = a - 165*b, 0 = a + 13*b + 127. Give z(a).
-4
Suppose 0 = 5*f - 31 + 26. Let v(o) = 8*o - 3 + 3 - 13*o + 3*o. Determine v(f).
-2
Suppose 3*h = -4*h. Suppose 3*r - 9 + h = 0. Suppose 4*y + 20 = 5*p, 4*p = -r*y - 11 - 4. Let n(w) = -w**3 - 5*w**2 + 5. Calculate n(y).
5
Let h(l) be the first derivative of -l**3/3 - l**2 + 2*l + 10119. Suppose b + 5*t - 15 = 0, -4*t + 5*t - 9 = b. Calculate h(b).
-13
Let k(b) = b**3 - 6*b**2 + 2*b - 3. Let o be (((-1184)/(-3))/(-4))/((-6)/(-27)). Let n = -440 - o. Calculate k(n).
-27
Let b(t) = t**2 + 4*t + 12. Suppose -10*d - 61 - 9 = 0. Calculate b(d).
33
Let f be 6/(-12) + 7/(-2). Let w(x) = -7*x - 86. Let d be w(-13). Let q(y) = 5*y + d - 11*y**3 + 43*y**2 + 12*y**3 - 38*y**2. Give q(f).
1
Let a(t) = 7*t - 155. Let z = 18089 - 18065. Give a(z).
13
Let d(y) be the first derivative of -5*y**2/2 - 1989. Let z be (4/6)/((-4)/12). Determine d(z).
10
Let u(s) = -s**3 + 3*s**2 - 3*s + 4. Suppose -d = -8 + 2. Suppose 21*b - 24*b - 2*a + 8 = 0, 0 = 3*b + 3*a - 3. Suppose 4*f = b*f - d. Calculate u(f).
-5
Let l(m) = 3*m**3 - m - m**2 + 1947 + 1947 + 15*m**2 - 3880 - 21*m. What is l(-6)?
2
Let u(g) = g**3 - 8*g**2 + 2*g - 11. Let f be 3 + 2 - -36 - (-4 + 0). Suppose -5*z + a = -f, z = -5*a + a - 12. Determine u(z).
5
Suppose s + 3 = 2*m, 3*s + m + 3 = 5*m. Let t(z) = 10 - s - 3 + z. Suppose -2*w = 4*f + 6, -5*f - 12 - 3 = w. Determine t(w).
9
Let s = 106 - 84. Suppose 3*z + 5*h + 24 = -32, -3*h = -5*z - 82. Let p = z + s. Let o(w) = -w - 6. Determine o(p).
-11
Let z(a) be the second derivative of -1/6*a**3 - 9 + 9/2*a**2 - 2*a. What is z(-7)?
16
Let v(p) be the first derivative of 2*p**2 + 3*p - 41. Let y(q) = q**2 - 5*q + 8. Let w be y(5). Let c be (-26)/w - 4/(-16). Calculate v(c).
-9
Let q = -6470 + 6461. Let i(b) = 6*b + 62. Determine i(q).
8
Let o(p) = -110*p + 2. Suppose 0 = 3*u - 5*z - 18 - 20, -3*u = -2*z - 17. Determine o(u).
-108
Let c(m) = m**3 - 5*m**2 - 16*m + 11. Let n(b) = -b**3 + 19*b - 23. Let s be n(-5). Calculate c(s).
-3
Let p(x) = -1596*x + 798*x + 29 - 8*x*